**2/2 - 1806*i. Give n(h).
-3
Let u = 47 + 14. Suppose 3*d - 41 = u. Suppose 0 = -3*r + d - 16. Let i(x) = x**3 - 7*x**2 + 7*x - 2. Give i(r).
4
Let p(j) be the third derivative of -j**5/60 - j**4/4 + 25*j**3/2 - j**2 + 1856*j. Give p(6).
3
Let f(s) = -s + 13. Suppose a + v - 11 = -v, 3*v = -2*a + 18. Suppose 0 = -5*h - 4*r + 4 + 13, 0 = -a*h + 2*r + 19. Calculate f(h).
8
Let m(p) = 5*p - 32. Let l be m(8). Suppose -8 = -20*a - l. Let y(g) = -2*g - 17. Determine y(a).
-17
Let a(o) = o - 6. Let v(y) = -y**2 - 6*y - 5. Let q be v(-4). Let n be q*1 - -33*4/12. Suppose -40 = -6*j + n*j. Determine a(j).
-11
Let g(l) = -3*l**2 - 7*l - 5 + l**3 + 2*l**2 - 8*l**2 + 12*l**2 + 0*l**3. Suppose 2*t + 6 = -3*k, -3*k + 4*t - 27 = -3. What is g(k)?
7
Let s(u) = -u. Let q(j) = 4*j. Let f(x) = 6*q(x) + 21*s(x). Let c = 550 - 213. Let d = -336 + c. Give f(d).
3
Let t(z) be the first derivative of z**2 + 5*z + 3. Let q(j) = -962 + j - 2*j + 960. Let m(l) = 5*q(l) + 3*t(l). Give m(-3).
2
Let i(k) = k - 2. Suppose -292 = 2*b + 3*w, -b - 3*w = -4*b - 423. Let j = 209 + b. Let s = -57 + j. What is i(s)?
7
Let o(t) = -t**2 - 372*t - 1119. Let g be o(-3). Let q(j) = 15*j + 173. Determine q(g).
-7
Suppose -89*x - 101*x = -175*x + 45. Let g(d) be the first derivative of d**3/3 + d**2/2 + 2. What is g(x)?
6
Suppose 13*n - 4*n - 54 = 0. Let y be (14/(n + -13))/(4/20). Let q(h) = h**3 + 9*h**2 - 9*h + 14. Calculate q(y).
4
Let k(c) be the first derivative of 2*c**2 - 9 + c**3 - 5*c - 1/4*c**4. Let u(q) = q + 7. Let z be u(-3). Give k(z).
-5
Let f = 8204 + -8190. Let q(u) = -3*u - 5. Calculate q(f).
-47
Suppose 3*u = -53*p + 55*p - 1, 5*p = u + 22. Let z(o) be the first derivative of -p*o - 3*o**2 + 34 - 1/3*o**3. What is z(-6)?
-5
Let c = 9 + -6. Let k(f) be the third derivative of 1/120*f**6 + 1/24*f**4 - 1/15*f**5 + 0 + 0*f + 36*f**2 - 2/3*f**3. Determine k(c).
-10
Let d(t) = 8*t**3 - 29*t**3 - 7*t**2 + 5*t**3 + 0 + 13*t**3 - 6*t - 10. Let k(b) = -b**3 - 2*b**2 - 2*b - 3. Let r(h) = 2*d(h) - 7*k(h). Give r(-1).
-2
Let p(t) = -3*t. Let w = 62 - 54. Let a = w - 10. Let m be a + (4 - 4 - -4). Calculate p(m).
-6
Let t(m) = m + 8. Suppose 111 - 16 = -5*h + 5*u, -h = 3*u + 19. Give t(h).
-11
Let a(h) = h**2 - 22*h + 85. Let o = -3555 - -3572. Give a(o).
0
Suppose 0 = 3*s - 4*w - 1, -43*s + 4*w + 7 = -46*s. Let h(c) = 72*c**2 + 2*c + 1. Determine h(s).
71
Let g(s) = -29*s + 8. Let y = 8538 + -8537. Give g(y).
-21
Suppose 66 = 580*x - 569*x. Let q(f) = 11*f**2 + 11*f + 3. Let d(v) = -9*v**2 - 8*v - 2. Let b(k) = x*d(k) + 5*q(k). Suppose 3*r = 4*r + 5. Calculate b(r).
-7
Let q(b) = b + 32. Let k be q(-8). Suppose -p = 3*y - 11, 4*p + 11*y = 9*y + k. Let c(a) = a**3 - 4*a**2 - 6*a + 6. Determine c(p).
1
Let k = -265 - -441. Let p = k - 147. Let y(l) = -31 + 3*l**2 + 0*l**2 - 2*l**2 + p + 4*l. What is y(-4)?
-2
Let h(c) = -6*c**2 + 6*c - 6. Let j be 4 + (-9 - 8) - -14. Give h(j).
-6
Let m(f) = f**3 - 2*f**2 - 2*f + 4. Let v be m(0). Suppose -w + 91 = -v*z, -z = -w + 78 + 16. Let n(i) = 3 - 91*i + 8*i**2 + w*i - 3*i**2. What is n(-2)?
15
Let h(u) = 6*u**2 - 7*u + 8. Let k(j) = 4*j**2 - 14*j + 4. Let g(x) = -3*x**2 + 15*x - 2. Let m(p) = 4*g(p) + 5*k(p). Let b(r) = 7*h(r) - 5*m(r). Give b(-3).
11
Let c(i) be the first derivative of -i**4/4 - 11*i**3/3 + 3*i**2/2 + 19*i - 3090. Calculate c(-11).
-14
Let f be 1/(-5) - 806/(-130). Suppose 18 = f*g - 4*g. Let x(y) = 10 + 16 - 27 - 2*y + g. Calculate x(-6).
20
Let u = -23599 - -23621. Let a(g) = -g**3 + 26*g**2 - 86*g - 52. Determine a(u).
-8
Let a be (-21)/(-2)*176/264. Let x(k) = 0*k + 0*k - 8 + k. Determine x(a).
-1
Let v(m) = -4*m**3 - m**2 + 11*m - 11. Let h be v(1). Let r(i) = -i**3 - 7*i**2 + i + 10. Let k be r(-7). Let z(n) = k - 1 - n - 8. Give z(h).
-1
Suppose 51 - 243 = -2*d. Let p = d + -97. Let w be (-1*p/(-1))/(14/84). Let r(a) = a + 7. Calculate r(w).
1
Let u = 0 - 8. Suppose 24*s = 26*s - 10. Let t(r) = 3*r + 1. Let j(c) = -16*c - 22. Let w(y) = s*t(y) + j(y). Give w(u).
-9
Let a(k) = -49*k - 290. Let g(f) = -101*f - 580. Let i(t) = -11*a(t) + 5*g(t). What is i(-8)?
18
Let h = -11495/12 - -3833/4. Let k(p) be the first derivative of -h*p**3 - p**2 + 4*p + 37. Calculate k(-5).
-11
Let n(m) = m**3 + 2*m**2 - 7*m - 3. Let s be (-58)/(-29) + (5 - 0) + -11. Determine n(s).
-7
Suppose -2*j = 4*c - 34, -2 = 2*j - 2*c - 24. Suppose -5 + 18 = -j*g. Let r(s) = -2*s**2 - 1 + 2*s**3 + s - 3*s + 0*s**3. Give r(g).
-3
Let g(p) = -p**2 + 15*p - 11. Suppose -1357 = 6*r + 215. Let b = -249 - r. Calculate g(b).
15
Let m(p) = p**2 + 9*p + 3. Let u be m(-9). Suppose a = 3 + u. Let t(b) = -b**3 + 6*b**2 - 6*b + 8. What is t(a)?
-28
Let v(q) be the second derivative of 5*q + 1/6*q**3 - 1 - q**2. Let w(k) = k**3 + 4*k**2 + 3*k + 1. Let c be w(-2). What is v(c)?
1
Let p(k) be the third derivative of -1/15*k**5 + 3*k**2 + 5/24*k**4 + 5/6*k**3 - 6 + 0*k - 1/120*k**6. Calculate p(-4).
-15
Suppose 5*d - 2*d - g = 9, -4*d + 2*g + 10 = 0. Let f = 0 + d. Let a(p) = -p**3 + 16 - 7 + 167*p**2 - f*p - 161*p**2. Calculate a(6).
-15
Suppose -1187 = 23*y - 888. Let k(c) = c**2 + 16*c + 26. Give k(y).
-13
Let f(s) = 0*s**2 + 2*s**2 - 9 + 827*s - 3*s**2 - 836*s. Calculate f(-8).
-1
Let o(l) = 2*l**3 + 12*l - 1. Let k(t) = 8*t**3 - 28*t**2 + 2*t + 62. Let u(v) = k(v) - 3*o(v). Calculate u(15).
5
Let x(p) = 8*p + 18. Let u be -2*((1 + 10)*(-4)/(-8) + -5). Give x(u).
10
Suppose -11*h = -3*h - 272. Let x(n) = -3 - 9 + 13 + h*n + n. Determine x(-1).
-34
Let y be -40 + 323/19 + 28. Let h(n) = -n**2 - 2*n + 11. Calculate h(y).
-24
Let a(u) = 2*u + u**3 - 31 - 4 - 5 - 7*u**2 + 16. Let b be a(7). Let w(g) = -g**2 - 9*g + 13. Give w(b).
3
Let b(n) = 3*n**2 + 110*n + 731. Let x be b(-28). Let t(z) = -10*z - 8. Let g(y) = 15*y + 12. Let o(r) = -5*g(r) - 7*t(r). What is o(x)?
-19
Let c(g) = -g**2 + 3*g + 1. Suppose 0 = -w - 2*v + 427 - 435, -w - 17 = 5*v. Determine c(w).
-9
Let s(b) be the second derivative of -b**4/4 + 5*b**3/2 + 13*b**2/2 + 7*b + 74. Determine s(6).
-5
Let k(w) = 3*w**2 + 3*w + 2. Let v(h) = -4*h**2 - 2*h - 2. Let m(f) = 3*k(f) + 2*v(f). Suppose -2*j = -0*j - 138. Let s = j + -71. Calculate m(s).
-4
Let t = 55 + -46. Let k(h) = 6*h - 45. Let b be k(t). Suppose b*q + 17 = -46. Let a(r) = r**2 + 4*r - 9. Give a(q).
12
Let c(b) = -b**2 - 3*b + 2. Let n(j) = j**2 + 3*j - 11. Let g be n(0). Let q(o) = 6 - 3*o**2 + 0 - 1 - 12*o + 3*o. Let p(u) = g*c(u) + 4*q(u). What is p(-3)?
-2
Let y(d) = -d**3 + 5*d**2 + 11*d - 15. Let x(q) = 2*q**3 - 134*q**2 + 263*q - 189. Let v be x(65). Calculate y(v).
15
Suppose -2*u = 4*b + 6, 5*u - 4*u = -1. Let w be 0*b*(40/12 + -3). Let x(z) = z - z + w*z - 2 - 3*z. What is x(-2)?
4
Let r = 2531 + -1509. Let f(z) = 0*z - r - z + 1021. Give f(3).
-4
Suppose 16*b = 9*b + 42. Let o(p) be the third derivative of -p**6/120 + p**5/12 + p**4/12 + 3*p**3 + 3*p**2 - 12*p. What is o(b)?
-6
Let a be 6/(-45) - (-32)/15. Let c(t) = 50*t**2 - 5 - 3 - 51*t**a - 9*t. Give c(-8).
0
Let v(s) = -s**2 - 6*s - 4. Let f(l) = 3*l - 18. Let g be f(15). Let b be (-4)/7*(-8 - 6). Suppose -b - g = 7*d. Give v(d).
1
Let k(i) be the first derivative of 7*i**3 - 1/12*i**4 + 0*i + 0*i**2 - 1/120*i**5 + 12. Let j(m) be the third derivative of k(m). Calculate j(8).
-10
Let y(h) = -2*h. Let c(l) = -4*l - 1. Let p = -209 + 212. Let a(w) = p*y(w) + c(w). Calculate a(-1).
9
Suppose 5*f - 3*f = s + 1, 3*s = -3*f + 15. Let x be (0 + -2)/f*-3. Let p be 1 + -3 + x + 4. Let c(q) = -q**3 + 4*q**2 + 3*q - 3. Calculate c(p).
-13
Let k be -4 - (-8 - (-4 - -1)). Let j be (-1*(75/(-5) + 2))/k. Let f(r) = -r + 2. Calculate f(j).
-11
Suppose 2*m = -3*x + 1, -2 = 5*m - 3*m. Suppose 0 = u - x, -3*s - 4*u = -u - 18. Let o(p) = p - 2 + s + 2 + 0. Give o(-5).
0
Let x(y) = -2*y + 43. Let i(b) = -37*b + 888. Let h be i(24). What is x(h)?
43
Let v(g) = 2*g**2 + 0*g + 11*g - 11*g. Suppose 5741*a - 5735*a = -24. What is v(a)?
32
Let u(y) = -417 - 424 - 433 + 1698 + 2*y**2 - 425. Let j(a) = a**3 + a - 2. Suppose -4*s = s. Let v be j(s). Determine u(v).
7
Suppose -5*q + 6*q = 3. Let a(y) = -30*y - 33*y - 61*y + 4 + 126*y. Give a(q).
10
Let y(d) = -18*d - 28. Let f(j) = 13*j + 28. Let b(n) = -7*n - 15. Let q(x) = -11*b(x) - 6*f(x). Let g(p) = 18*q(p) - 2*y(p). Calculate g(2).
38
Let u(v) =